/(-15)*(-10)/(-4)?
3
Suppose -45*a + 40*a - 160 = 0. Let n(o) = -5*o**3 - 3*o**2 + o + 2. Let z be n(2). Let v = a - z. What are the prime factors of v?
2
Let v(c) = 5*c**2 - 14*c + 14. List the prime factors of v(8).
2, 3, 37
Suppose -1 = -s - 5. What are the prime factors of -81*(s/(-1))/(-12)?
3
Let r be 38/14 + (-6)/(-21). Suppose r*j = 4*f - 21, -4*f = 2*j - 9*f + 21. What are the prime factors of 10 + -4*j/(-6)?
2
Suppose -5*t + 11 - 1 = 0. Let c be -2 + t - 1 - 6. What are the prime factors of c/4*(-1 - 7)?
2, 7
Let r = -6 - -5. Let k(i) = -i**2 - i + 1. Let u(d) = 3*d**2 + d - 4. Let m(x) = r*u(x) - 4*k(x). What are the prime factors of m(-5)?
2, 5
Let s be 54/14 - (-2)/14. Let x(q) = 2*q**2 - 6*q + 4. List the prime factors of x(s).
2, 3
Let h = -6 + 9. Suppose 4*p + 3*k = p + 9, -h*k - 6 = 0. Suppose -p*d + 57 = -3*j, -j = 2 + 2. What are the prime factors of d?
3
Let d(r) = -r**2 + 7*r - 4. Let z be d(5). Suppose 2*h = z*h - 4*m + 12, -3*h + 2*m - 4 = 0. Suppose s + h = 14. What are the prime factors of s?
2, 3
Let i(n) = 16*n**3 + 2*n**2 - n. What are the prime factors of i(1)?
17
Suppose 6 = 3*a - 0. Let d = a + 3. List the prime factors of d.
5
Suppose 0 = x + 4*x - 20. Suppose -2*t + 5*v + 3 = 0, -x*v = -3*t + 4*t - 21. What are the prime factors of t?
3
What are the prime factors of -2 - (-30 - (-6 - -3))?
5
Let y(x) = 3*x**2 + x + 4. List the prime factors of y(3).
2, 17
Suppose -d - s + 74 = 3*s, -2*s - 8 = 0. Suppose 0 = -2*y - y + d. Suppose -2*w = -7*w + y. List the prime factors of w.
2, 3
Let x = -29 - -55. Suppose 3*q - 2*a + 3*a - 13 = 0, 2*a - 18 = -4*q. Suppose -m + 5*o = -x + 6, -q*m = -4*o - 48. What are the prime factors of m?
2, 5
Let m(s) = s + 6. Let d be m(-3). Suppose -2*j + 25 = 3*n - 36, -55 = -2*j + d*n. List the prime factors of j.
29
List the prime factors of (-48)/14*119/(-34).
2, 3
Suppose -4*z + 4*f = 8*f - 188, 3*z = 3*f + 129. Let j = z + -24. What are the prime factors of j?
3, 7
Suppose 0*z + 4*z = -40. Suppose 0*a - 5 = a. What are the prime factors of (-2)/a - 56/z?
2, 3
Let l(g) = g**3 - 5*g**2 - 9*g + 1. Let v be l(7). List the prime factors of v*(-3 - -2)/(-4).
3
Let c be -24*-2*4/(-6). What are the prime factors of (6/8)/((-2)/c)?
2, 3
Let m = -1 + 1. Let p(s) = 9*s - 1. Let r(k) = 4*k - 1. Let w(v) = 3*p(v) - 7*r(v). What are the prime factors of w(m)?
2
Let t be 21/49 + 45/(-7). List the prime factors of t/(-4) - (-245)/14.
19
Suppose 0*j - 340 = -2*j. Suppose -j = -4*i - 2*o, -2*i + 3*i - 40 = -o. What are the prime factors of i?
3, 5
List the prime factors of ((-2)/(-4))/(1/34).
17
Let y = 79 - 36. What are the prime factors of y?
43
Suppose 29*u - 23*u = 1146. What are the prime factors of u?
191
Let g be 252/(-24)*4/(-1). Let o = g - 22. List the prime factors of o.
2, 5
Let u = -8 - -11. What are the prime factors of u?
3
Let k = -36 - -136. Let p = k + -52. List the prime factors of p.
2, 3
Suppose -5*x - 102 = 468. Let w be (-1)/((3/1)/x). Suppose -c - y = 3*y + 1, -w = -4*c - 2*y. What are the prime factors of c?
11
Let x(h) = -2*h - 1. Let d(w) = 5*w + 3. Suppose -2*p = 2, -l + 20 = -3*l + 2*p. Let a(q) = l*x(q) - 4*d(q). What are the prime factors of a(5)?
3
Let k(a) be the third derivative of a**5/60 - a**4/4 - 4*a**3/3 - a**2. What are the prime factors of k(8)?
2
Let w be (-3)/(-9) + (-32)/6. Let y(g) = -4*g + 5. Let b(t) = -t - 1. Let x(s) = -5*b(s) + y(s). List the prime factors of x(w).
5
Let g = -7 - 0. Let c = g - -13. What are the prime factors of c?
2, 3
Suppose 9*h - 220 = 4*h. What are the prime factors of h?
2, 11
Let h = 51 + -29. Suppose 2*t - t = h. List the prime factors of (t/(-6) + 2)*-3.
5
Let r be 0/4*-1 - 0. Suppose r = 2*p - 27 - 33. What are the prime factors of p?
2, 3, 5
Let r(c) = -2*c - 5. Let i be r(-7). List the prime factors of i/(-6) - (-55)/2.
2, 13
Suppose -v + 0 + 4 = 0, 2*v = -2*o + 246. What are the prime factors of o?
7, 17
Let j(c) = -c**2 - 7*c. What are the prime factors of j(-6)?
2, 3
Let z = 10 - 7. Suppose -3*d - 2*u + 6 = 2*d, 0 = -z*u - 6. List the prime factors of (d/(-6))/(2/(-42)).
7
Suppose -u - 4*u + i = 6, 0 = -i - 4. Let p be u/(-6) + 32/3. Let s = -6 + p. What are the prime factors of s?
5
Let o(w) = 3*w**2 + 2*w + 2. List the prime factors of o(3).
5, 7
Let n(g) = -2*g**3 - 4*g**2 + 2*g + 3. What are the prime factors of n(-3)?
3, 5
Let f be 16/(-7) - 6/(-21). Let i = 4 + f. What are the prime factors of i?
2
List the prime factors of ((-2 - -3) + 16)/(8/40).
5, 17
Let t(c) = 5*c**2 - 5*c + 2. List the prime factors of t(3).
2
Let m(i) = 2*i**2 - 3*i - 1. Let t be 1/(-3*2/(-30)). List the prime factors of m(t).
2, 17
What are the prime factors of (245/20 - 3)*4?
37
What are the prime factors of 51 - (4 + -6 + 2)?
3, 17
Suppose 3 = 2*c - 15. What are the prime factors of c?
3
Suppose 3 = l - 2. Suppose l*a + 6 - 26 = 0. What are the prime factors of a?
2
Suppose -2*i - 3*a + 0*a = -24, -a = 0. Suppose 3*m + m - i = 0. Suppose -5*f - 2*s = -18, -3*f - m = -4*f - s. What are the prime factors of f?
2
Let s = 4 + -4. Suppose 4*z + 32 = -s*z. Let i = z - -20. List the prime factors of i.
2, 3
Let a(w) be the third derivative of 7*w**6/120 + w**5/30 - w**4/12 + w**3/6 + 3*w**2. What are the prime factors of a(1)?
2
Let w be 1/(2/8*2). Suppose w*q = -0*q + 12. Let m = q + -3. What are the prime factors of m?
3
Let y(g) = -4*g**3 + g**2 - 1. Let v be y(-1). Suppose v*j = -4*s + 108, -3*s + 60 = -j - 13. List the prime factors of s.
5
Let f(m) = m**3 - 3*m**2 + 2*m. Suppose 4*t = -3*x + 6, -2*x - 3*x + t + 10 = 0. Let h be f(x). Suppose h = -4*n + n + 15. List the prime factors of n.
5
Let q = -39 - -80. What are the prime factors of q?
41
Let j = -26 + -13. List the prime factors of 6/j - (-145)/13.
11
Suppose 4*r - 389 = -m, 4*r - 6*r + m + 199 = 0. List the prime factors of r.
2, 7
Let a be 211*(1 - (1 + -1)). Suppose 0 = 3*b + 85 - a. Suppose -5*w - 4*r + 50 = r, -3*r + b = 5*w. List the prime factors of w.
2, 3
Suppose -g - 2*g + 12 = 0. Let s(y) = y**2 - y - 5. What are the prime factors of s(g)?
7
Suppose -25 = -3*b - 5*i, -2*b + 4*i - 20 = -0*b. Suppose -2*g = -b*g - 24. List the prime factors of g.
2, 3
Let y(f) = f**3 - 9*f**2 - 10*f + 46. What are the prime factors of y(11)?
2, 89
Let m be 4/(-18) - 100/36. Let h = 5 + m. Suppose -5*b - 45 = -2*t, -7 = h*b + 3. List the prime factors of t.
2, 5
Let q be (3/(-2))/((-9)/12). Suppose -4 = s - q. Let p = s - -5. List the prime factors of p.
3
Let u(q) = -q - 3. Let z be u(-4). Suppose 0 = -d - z + 5. Suppose 4*t - 11 = -2*g + 45, -d*g - 31 = -3*t. What are the prime factors of t?
13
Suppose -5*r + 286 = -19. What are the prime factors of r?
61
Let l be -2 - 1 - -4 - -2. Suppose 5*t - 38 = -2*f, 8 = -f + l*f. List the prime factors of t.
2, 3
Suppose 0 = -3*n + 19 - 49. Let m be (6 + -1)*(-4)/n. Suppose 0 = c - 2*c + m. List the prime factors of c.
2
Suppose 2*v + 66 = 4*c, 79 = 5*c - 2*v - 3. Suppose -2*d = -4*k - c, 0 = -4*d - 4*k + k + 32. List the prime factors of d.
2
Let q(s) = 81*s**2 + 15*s + 33. Let n(z) = 5*z**2 + z + 2. Let c(o) = 33*n(o) - 2*q(o). What are the prime factors of c(-2)?
2, 3
Suppose 0 = -5*c + c + 12. Suppose 0 = c*i - 21 + 3. Suppose -i*x + 3*x + 24 = 0. List the prime factors of x.
2
Let c(o) = -o**3 - o**2. Let v be c(0). Suppose 2*u - 3*u = -31. Suppose v = 4*j - u - 29. List the prime factors of j.
3, 5
Suppose -5*y + 9*y + 8 = 0. Let j be (y/(-5))/((-2)/(-10)). Suppose j*z - 10 = 6. What are the prime factors of z?
2
Let w = -19 - -17. What are the prime factors of 4 + (0 - (2 + w))?
2
Suppose 0*a = -2*a + 18. Suppose 0*s + a = 3*s. What are the prime factors of s?
3
List the prime factors of (((-72)/(-15))/(-2))/((-6)/340).
2, 17
Let t = 530 + -359. What are the prime factors of t?
3, 19
Let b be 156/18 - (-4)/(-6). Let h = 21 - b. What are the prime factors of h?
13
Let j(n) = 5*n + 1. Let y(g) = -g**2 + 11*g - 12. Let l be y(9). List the prime factors of j(l).
31
Let r(n) = -n + 19. Let o be r(13). Let g = o + 13. What are the prime factors of g?
19
Suppose 2*x + 10 = n - 5*n, 2*n = -5*x - 17. Let w(h) = -h - 1. Let b(v) = -10*v - 2. Let l(p) = b(p) - 2*w(p). List the prime factors of l(n).
2
Let m = 4 - -2. Suppose 3*w + 0*c - 5*c - m = 0